7. Let w be y(-5). What are the prime factors of x(w)?
3, 5
Suppose 3*d = 3*b + 8*d - 12262, 2*b = -5*d + 8183. What are the prime factors of b?
4079
Suppose r + p + 380 = -p, -1160 = 3*r + p. Let i = -142 - r. List the prime factors of i.
2, 3, 41
Suppose -5 = -j, -v - 40 = -4*v - 5*j. Suppose 5*l - v = 15. What are the prime factors of (9*(-2)/l)/(23/(-736))?
2, 3
Let h be 29 - (2 - -2) - 1. Let t(d) = -37 + 10*d - 25*d**2 + 2*d + 5*d + h*d**2. What are the prime factors of t(11)?
29
Let u(t) = 69*t**2 - 466*t - 2763. List the prime factors of u(-6).
3, 839
Suppose 34*s - 41461 - 71440 = 277555. What are the prime factors of s?
2, 3, 11, 29
Let n(c) = -c**2 + 13*c - 10. Let z be n(11). Let x(t) = -t**2 + 9*t + 15. Let b be x(z). What are the prime factors of 645/12 + b/28?
53
Let u = -82 + 8533. List the prime factors of u.
3, 313
Let c be -4 - (-988)/(-10) - 8/(-10). Let h = c + 296. List the prime factors of h.
2, 97
Let w = -11344 + 24706. What are the prime factors of w?
2, 3, 17, 131
Let p(x) = 18*x**3 - 38*x**2 - 18*x - 68. List the prime factors of p(10).
2, 109
Let i be 1*(-2)/(-1)*(-15)/(-6). Suppose -5*g + y - i*y = -2002, y + 395 = g. What are the prime factors of g?
2, 199
Let q(o) = -18 - 6*o**2 - 3*o**2 + 31 - 5*o - 16 - 5*o**3. What are the prime factors of q(-5)?
2, 211
Let o(t) = 3*t + 104. Let w be o(30). Let v be (2/(-8) - 6/8) + w. Let a = 41 + v. List the prime factors of a.
2, 3, 13
Let m = -452 - -785. What are the prime factors of m?
3, 37
Let m be (-62)/(-8) + (-2)/(-8) + -1. Let w(v) = -8*v + m*v + 0 - 2. What are the prime factors of w(-27)?
5
Let v(j) = 26*j + 31. Let i be v(6). Let t = 373 - i. List the prime factors of t.
2, 3, 31
Suppose 370988 - 68491 = 23*i - 165944. List the prime factors of i.
3, 31, 73
Let z = -10123 - -19827. What are the prime factors of z?
2, 1213
Let a be (4/11)/2 + 1720/(-22). Let q = 337 + -201. Let d = a + q. List the prime factors of d.
2, 29
Let b(u) = u**2 - u - 6. Let o be b(3). Suppose 5*y + 5*w - 55 = 4*w, o = -2*y + 2*w + 22. Suppose -y*i + 6*i = -545. List the prime factors of i.
109
Let k = 768 + -762. Suppose 0 = 4*i + 20, -3*i = 3*h - k*i - 870. List the prime factors of h.
3, 5, 19
Suppose -42*d + 37*d = 20, 0 = -5*q + 5*d + 121575. Suppose 7*f + 16*f - q = 0. List the prime factors of f.
7, 151
Suppose -17*u + 4 + 13 = 0. What are the prime factors of -24 + 660 - 1/(u/4)?
2, 79
Let j = -271 + 486. Suppose 0 = 3*v + 532 + j. What are the prime factors of 6/6 - (1 - v)/(-2)?
2, 3, 7
Let w(p) = 37*p**2 - 13*p + 2. Let z(d) = 75*d**2 - 24*d + 3. Let r(x) = -5*w(x) + 3*z(x). What are the prime factors of r(2)?
5, 29
Suppose 18*r = 20*r - 8. Suppose n = 2*z + z - 1859, r = -2*n. List the prime factors of z.
619
Let l(n) = 7*n**2 + 81. Let a be l(0). Suppose -q = -192 - a. What are the prime factors of q?
3, 7, 13
Let i = 23919 + -15139. What are the prime factors of i?
2, 5, 439
Let y(r) = -7*r**2 + 35 - 53 - 26*r - r**3 + 17. What are the prime factors of y(-8)?
271
Let o be (-177)/(-12) + 5/20. Let s = -13 + o. Suppose -5*j + 2*y + 66 + 151 = 0, -4*j + 170 = s*y. What are the prime factors of j?
43
Let m be (17934/35)/7*60/(-9). Let h = 1292 + m. What are the prime factors of h?
2, 3, 67
Let q(i) = 8*i + 185. Suppose -5*u = -4*u + 8. What are the prime factors of q(u)?
11
Suppose -883*j + 864*j = -223497. List the prime factors of j.
3, 1307
Suppose -202 - 351 = 5*c + 3*b, 4*c + 460 = 2*b. Suppose -4*m - 675 - 117 = 0. Let j = c - m. What are the prime factors of j?
5, 17
Let f = 1883 - 477. List the prime factors of f.
2, 19, 37
Suppose -7 = -3*k - 5*i + 16, -4*k + 5*i = -19. List the prime factors of 14496/45 - k/(-225)*-5.
2, 7, 23
Let a(p) = 78*p + 286. Let s be a(-9). Let w = s - -1097. List the prime factors of w.
3, 227
Let y be 614990/(-267)*(11/(-5) - -1). Suppose -9*c + 14*c - y = q, 1124 = 2*c - 5*q. List the prime factors of c.
2, 3, 23
Suppose 61115 + 243295 = 22*i + 8*i. What are the prime factors of i?
73, 139
Let j(i) = i**3 + 9*i**2 + 13*i + 3. Let u be j(-7). What are the prime factors of ((-6)/u)/(4/(-8520))?
2, 3, 71
Let g(b) be the second derivative of b**5/20 + b**4/6 + b**3/6 + 2*b**2 - 17*b. Let o be g(-2). Suppose -5*j + o*j + 483 = 0. What are the prime factors of j?
7, 23
Let l be -7 - 3/(-6)*2. Let i be (146*l)/(-4) - 4. Suppose 7*h = 135 + i. What are the prime factors of h?
2, 5
Let u be (0/(2 + 2))/(-3). Let w(d) = d**3 + 7*d**2 + 6*d + 4. Let r be w(-6). Suppose r*z + 0*z - 144 = u. List the prime factors of z.
2, 3
Suppose -390354 = -19*s - 8*s - 16*s. What are the prime factors of s?
2, 3, 17, 89
Suppose -5*i + 24050 = -3*j, -4*i - 4*j + 3113 = -16127. What are the prime factors of i?
2, 5, 13, 37
Let f(b) = b**3 - 10*b**2 - 11*b - 2. Let u be f(11). Let x be 2/u - -6 - 3. Suppose -x*j - 2*j = -352. List the prime factors of j.
2, 11
Let a(z) = 255 + z**3 + 2*z + 5*z**2 - 3*z - 6*z**2 + 2*z**2. Let j be a(0). Let b = j - 27. What are the prime factors of b?
2, 3, 19
Let i be 0 + 0 + (2 - 4)*26. Let b = i - -103. Suppose 2*d - 277 = -b. What are the prime factors of d?
113
Let t be (-2 - -15 - 8) + (2673 - 4). Let u = 4636 - t. What are the prime factors of u?
2, 3, 109
Suppose -354*f + 1516918 = -3072813 + 902113. List the prime factors of f.
11, 947
Suppose 0 = -56*v + 52*v + 20. Suppose v*k = 2*n - 101, 0*k = 4*n - 5*k - 227. List the prime factors of n.
3, 7
List the prime factors of 10034*((-16 + 8 - (-3 + -3)) + 5).
2, 3, 29, 173
Let w(f) = f**2 - 21*f + 59. Let j be w(29). Suppose j*i - 295*i + 1508 = 0. List the prime factors of i.
13, 29
Let o = 11774 + -7686. What are the prime factors of o?
2, 7, 73
Let y(v) = -v + 18. Let u be y(9). Suppose -748 = -13*b + u*b. List the prime factors of b.
11, 17
Let h(g) = -g**2 - 10*g + 21. Let o = 88 - 83. Suppose -5*t + a - 34 = 10, -o*t + 4*a - 41 = 0. List the prime factors of h(t).
2, 3, 5
Suppose 124*g - 3252233 = -292*g + 4139671. List the prime factors of g.
3, 5923
Let j(p) = -17*p - 69. Let m be j(-6). What are the prime factors of m/(-132) - (-997)/4?
3, 83
Suppose 17*p - 44 = 16*p. Suppose -349 - p = -3*z. What are the prime factors of z?
131
What are the prime factors of -43*2/((-44)/23782)?
23, 43, 47
List the prime factors of (-328)/(-164)*(-92121)/(-6).
30707
Let h = 47 + -7. Let k = 42 - h. Let d(a) = 30*a - 2. What are the prime factors of d(k)?
2, 29
Let w be -1*(-64 - -3) + 1. Let y(s) = -5 - w + 24 - 17*s. List the prime factors of y(-8).
3, 31
Let r be 1*(6/(-4) + 399/14). Suppose -152 = -3*d + b, -5*d - 4*b + 269 = r. Let i = 106 - d. List the prime factors of i.
2, 7
Suppose 11*f - 260 = 246. Let k = -2 - -111. Let o = k - f. What are the prime factors of o?
3, 7
Let y(b) be the first derivative of -11*b**4/2 - 4*b**3/3 - 6*b**2 - 27*b + 226. List the prime factors of y(-4).
3, 5, 7, 13
Let c be (112/(-8) + 12)*5/1. Let l(k) = 10*k + 16. Let x(q) = -19*q - 33. Let a(m) = 11*l(m) + 6*x(m). List the prime factors of a(c).
2, 3
Suppose 0 = -0*m - 4*m + 16. Suppose -l + 3 = b, m*b = 2*b - l + 11. List the prime factors of ((-21)/56)/((-1)/b).
3
What are the prime factors of (57471*-1)/((-930)/620) + (0 - 6)?
2, 61, 157
Let a(j) be the second derivative of -j**5/20 - j**4/2 - 4*j**3/3 + 13*j**2 + 238*j. What are the prime factors of a(-14)?
2, 853
Suppose 2*p - 3*q - 12649 = 0, -31610 = 27*p - 32*p + 5*q. List the prime factors of p.
6317
Suppose 0 = 4*m, 5*j - 2*m - 236 - 189 = 0. Let p be (-1 + 2)/(4/(-236)). Let v = j + p. List the prime factors of v.
2, 13
Let m = -9670 - -10338. What are the prime factors of m?
2, 167
List the prime factors of ((-18)/12)/((-5)/140284) - 6/5.
2, 3, 7, 167
Suppose -91*n = -618306 - 888199. List the prime factors of n.
5, 7, 11, 43
Let m(k) = 25*k**2 + 57*k + 7. Suppose 3*x = 4*h + 22, 3*h + 15 = x + 2*x. List the prime factors of m(h).
7, 17
Let m be -2 + ((-8)/4 - -128) + -2. Let u = m - 121. List the prime factors of (1 - 2) + u/(4/72).
17
Suppose -6*f = -0*f - 60. Suppose -18*p = -23*p + f. Suppose -p*m = -101 + 7. List the prime factors of m.
47
Let w(c) = 33481*c**3 + 20*c**2 - 26*c + 6. What are the prime factors of w(1)?
7, 4783
Let v(c) = 7*c**3 + 33*c**2 - 11*c - 3. Let s be v(-5). Suppose -4*d - s*d = -4488. List the prime fa